) be the first derivative of -k**3/3 - 6*k**2 + 7*k - 8. Let b be a(-11). Suppose 36 = r - b. What is the remainder when r is divided by 19?
16
Suppose -5*t - t = -24. Calculate the remainder when 310 is divided by t.
2
Let a = 1437 + -1161. Calculate the remainder when a is divided by 82.
30
Suppose 181 = 14*k - 11*k + 2*u, 0 = 4*k + 2*u - 238. Suppose -v = 3*l + 4*v - 38, -2*v - 36 = -2*l. Calculate the remainder when k is divided by l.
9
Let u(i) = -2*i**2 - 29*i + 7. Calculate the remainder when u(-13) is divided by (-2)/(-1*2/25).
21
Let v = 110 + -106. What is the remainder when 28 is divided by v?
0
Suppose -8*p + 10*p = -48. What is the remainder when -5 + (-140)/(p/6) is divided by 18?
12
Let k be 7*(305/(-45) - (-2)/(-9)). What is the remainder when 90/14 - (-21)/k is divided by 4?
2
Calculate the remainder when 307 is divided by 7 + 6/(6/((-15)/5)).
3
Suppose 3*o = -4*x + 175, -7*x + 69 = o - 3*x. Let f = 21 + o. Calculate the remainder when f is divided by 2/2 + (2 - -16).
17
Suppose 4*l + 50 = 3*n, -3*l + 5*l = -5*n + 40. Let c = -16 + 31. What is the remainder when c is divided by n?
5
Let b(a) = a**3 + 6*a**2 - 3*a - 4. Suppose 0*k + 624 = 4*k. Suppose 2*c = -c + k. What is the remainder when c is divided by b(-6)?
10
Suppose 3*b + 4*v - 210 = 0, -2*v - 6 = 5*b - 342. What is the remainder when 248 is divided by b?
50
Let j(w) = 14*w - 7. Let t be j(3). Suppose 16 + t = 3*d. Let h = -22 + 88. Calculate the remainder when h is divided by d.
15
Suppose -3*b = 2*t - 165, 7*t - 3*t + 275 = 5*b. Suppose 104*p - 101*p = 84. Calculate the remainder when b is divided by p.
27
Let n(v) = -21*v**3 - v**2 + 5*v + 11. Let f(r) = 10*r**3 + r**2 - 2*r - 5. Let c(h) = -7*f(h) - 3*n(h). What is the remainder when c(-2) is divided by 18?
8
Suppose -5*c = -75 - 20. Let u(z) = -z**2 + 6*z. What is the remainder when c is divided by u(4)?
3
Suppose 5*j + 5*j - 50 = 0. Suppose -3*v - 3 = 0, j*o + 120 - 357 = -3*v. Calculate the remainder when o is divided by 17.
14
Let v(q) = -q**3 + 8*q**2 - 17*q + 56. Calculate the remainder when 43 is divided by v(6).
17
Let c(x) = -x**3 - 55*x**2 - 107*x - 48. What is the remainder when 709 is divided by c(-53)?
4
Suppose 0 = -2*l + 40 - 16. Let i = -60 + 66. Suppose -2*m + m = d - 16, i = m + 3*d. What is the remainder when m is divided by l?
9
Let s(m) be the first derivative of -m**4/2 - m**3 - 2*m**2 - m + 14. What is the remainder when s(-3) is divided by 8?
6
Let c = 264 - 249. What is the remainder when 71 is divided by c?
11
Suppose -8*r + 6*r = 532. What is the remainder when 6/16 - r/16 is divided by 7?
3
Let l(v) = -6*v**2 + 1. Let n be l(1). Let p be n + (2 - (4 + -3)). Let a = p + 34. Calculate the remainder when 88 is divided by a.
28
Suppose -2*w + 3*w - 2 = n, -2*n = -4*w + 12. Suppose 2*k = x, -w*x - 5*k + 11 = -28. Suppose -8 = 2*i - x*i. What is the remainder when i is divided by 1?
0
Suppose 5*n = 5*o + 290, -3*o = 2*o. Let r(w) = w**3 - 4*w**2 - 8*w - 10. Let y be r(6). What is the remainder when n is divided by ((-26)/(-14) - (-2)/y)*6?
10
Let l(c) = 38*c + 7. What is the remainder when l(1) is divided by 39?
6
Suppose k - 22 + 7 = 0. What is the remainder when 55 is divided by k?
10
Let w(x) = 4*x + 3. Let p be (-18)/(-30)*5 - 1*34. Let h = p - -85. Calculate the remainder when h is divided by w(4).
16
Suppose -3*a + 56 = -a - 3*t, 140 = 5*a - t. Calculate the remainder when a is divided by 13.
2
Let b = 686 + -668. Calculate the remainder when 178 is divided by b.
16
What is the remainder when (1 - (1 - -50))*-2 is divided by (-14)/3*234/(-52)?
16
Let c be -1*3/(9/6). What is the remainder when (-34)/c + (4 + -5)*1 is divided by 3?
1
Let x(q) be the third derivative of 0*q + 1/120*q**6 - 8*q**2 + 0 - 1/12*q**5 + 1/12*q**4 + 5/6*q**3. What is the remainder when x(5) is divided by 8?
7
Let h be 39/(-5*(-3)/15). Suppose 4*i - 2*a - h = 3*a, 5*a = -2*i - 3. What is the remainder when i is divided by 2?
0
Calculate the remainder when 32 is divided by ((-7)/3)/(((-7)/(-6))/(-7)).
4
Let w(v) = 8*v + 2 + v - 2. Let s be w(-3). Calculate the remainder when 31 is divided by (-8)/36 - 465/s.
14
What is the remainder when 37 is divided by (-103)/(-7) + 92/322?
7
Let y(m) = m**3 - 2*m**2 + 2*m + 12. Calculate the remainder when 46 is divided by y(0).
10
Suppose -2*a + h = -44, 107 = -3*a + 8*a - 4*h. Let b = -39 + 42. Suppose -4*g + 166 = -3*z + z, 59 = g + b*z. Calculate the remainder when g is divided by a.
21
What is the remainder when 81 is divided by ((-14 - -8)/(-18))/(1/42)?
11
Let z(j) = -j**2 + 26*j - 136. What is the remainder when 664 is divided by z(15)?
26
Suppose 3*f + 7*f = 290. Calculate the remainder when 257 is divided by f.
25
Calculate the remainder when (-2012859)/(-4587) - (-1)/(11/2) is divided by 10.
9
Suppose -2*g - 29 = -2*s + 11, 115 = 4*s + 3*g. Let j(b) = 98*b**2 - 2*b - 1. Suppose 4*t = -0 - 4. What is the remainder when j(t) is divided by s?
24
Let v be 2/7 - 14/49. Suppose v = -4*u + 33 - 5. Let x = -4 + u. What is the remainder when 5 is divided by x?
2
Let w(f) = -5*f**3 + 11*f**2 + 7*f - 2. What is the remainder when w(-3) is divided by 38?
21
Let s(n) = -n**2 - 19*n + 76. Let t(d) = -d**2 + 5*d + 3. Let m be t(5). Calculate the remainder when s(-22) is divided by 2/m + 21/9.
1
Suppose -31 + 86 = 5*q. Let c = 7 + 25. Let x = c - -9. What is the remainder when x is divided by q?
8
Let d = 67 - 112. Let f = d + 74. What is the remainder when 109 is divided by f?
22
Let k = 106 + -105. Suppose -4*d = -0*d + 5*p - 531, -k = p. Calculate the remainder when d is divided by 15.
14
Suppose 2*z = 5*u - 34 - 98, 2*u - 3*z = 55. Suppose 75*r = 71*r + 720. Calculate the remainder when r is divided by u.
24
Suppose 2206 = 38*c + 762. Calculate the remainder when 187 is divided by c.
35
Suppose 1027 = -32*i + 3619. Calculate the remainder when i is divided by 81.
0
Suppose -f - y - 19 = 0, -5*f - 95 = 2*y - 3. Let b(d) = 11*d - 3. What is the remainder when b(4) is divided by (0 - -1) + (-5 - f)?
13
Let w(o) = 20*o**2 - 37*o - 37. Suppose 0*p + 5*p - 690 = 0. What is the remainder when p is divided by w(-1)?
18
Let u(m) = -2*m + 1. Let p be 3*(3 + 13/(-3)). What is the remainder when 4/(-2) + (-2 - -37) is divided by u(p)?
6
Suppose j - 2*a = 6*j - 79, -3*j + 48 = a. What is the remainder when 62 + (1 - (0 + 0)) is divided by j?
12
Suppose -c + 166 = -49. Calculate the remainder when c is divided by 55.
50
Let n(f) = 14*f**2 + 10*f - 7 + 14*f**2 - 29*f**2. Calculate the remainder when n(6) is divided by 4.
1
Let y(d) = d**2 - 13*d + 6. Calculate the remainder when y(13) is divided by 6/(-2)*5/(-3).
1
Let d(s) be the second derivative of -s**4/12 - 3*s**3/2 + s**2 - s. Calculate the remainder when 2/12 + 11315/186 is divided by d(-7).
13
Suppose j + 12 = 4*k, -6*k = -5*k + 5*j - 3. Suppose k*y - 60 = -y. Calculate the remainder when 43 is divided by y.
13
Let c be 24 + (-2)/(1 - 2). Let j(z) = z**2 + 36*z + 192. Let m be j(-6). Suppose -k = m - c. Calculate the remainder when k is divided by 3.
2
Calculate the remainder when 159 is divided by 327/8 + (-11)/1144*-13.
36
Suppose -19*v + 11*v + 224 = 0. Calculate the remainder when 56 is divided by v.
0
Calculate the remainder when (-4)/7*141449/(-242) is divided by 107.
13
Let c = 26 - 15. What is the remainder when (-48)/120 - 262/(-5) is divided by c?
8
Suppose 3*o - 270 = -3*o. Let y(f) = f - 2. Let x be y(5). Suppose -2*u + 50 = x*w, -u = -3*w + 40 + 7. Calculate the remainder when o is divided by w.
13
Let m be (-95)/(-19) - (-5 + 0). Let u = m + 72. What is the remainder when u is divided by 14?
12
Suppose -2*k + 2*z = -52, -2*k + 50 = -3*z - 3. Calculate the remainder when 272 is divided by k.
22
Suppose -243 = -3*o - g, -3*o + o + 176 = -4*g. Suppose 3*y + 5*i = o, i + 2*i = -2*y + 56. Let x = -12 + y. Calculate the remainder when 85 is divided by x.
19
Calculate the remainder when ((4 - 3)/(-1))/((-1)/19) is divided by 4.
3
Let p be (6/3 - -2)*1. Let c be 18/(-12) - (-178)/p. Let z = c + 11. Calculate the remainder when z is divided by 14.
12
Suppose 108 = n + 3*w, 0*n = 2*n + 2*w - 228. What is the remainder when n is divided by 17?
15
Suppose 0*g = 4*g + 84. Let n = g - -24. Let k(s) = -s**3 - 3*s**2 + s - 4. What is 